{"id":1360,"date":"2015-12-10T10:06:12","date_gmt":"2015-12-10T10:06:12","guid":{"rendered":"http:\/\/lnx.u2place.net\/coverband\/?page_id=1360"},"modified":"2015-12-10T10:09:45","modified_gmt":"2015-12-10T10:09:45","slug":"zootv-fano","status":"publish","type":"page","link":"https:\/\/lnx.u2place.net\/coverband\/zootv-fano","title":{"rendered":"ZooTV (Fano)"},"content":{"rendered":"<p><a href=\"http:\/\/lnx.u2place.net\/coverband\/wp-content\/uploads\/2015\/12\/zootv-fano.jpg\"><img decoding=\"async\" loading=\"lazy\" class=\"alignnone size-full wp-image-1362\" title=\"zootv-fano\" src=\"http:\/\/lnx.u2place.net\/coverband\/wp-content\/uploads\/2015\/12\/zootv-fano.jpg\" alt=\"\" width=\"200\" height=\"200\" srcset=\"https:\/\/lnx.u2place.net\/coverband\/wp-content\/uploads\/2015\/12\/zootv-fano.jpg 200w, https:\/\/lnx.u2place.net\/coverband\/wp-content\/uploads\/2015\/12\/zootv-fano-150x150.jpg 150w\" sizes=\"(max-width: 200px) 100vw, 200px\" \/><\/a><\/p>\n<p><strong>Biografia<\/strong><br \/>\nGli ZooTV nascono dalla reunion di chitarra basso e voce che dopo 20 anni si ritrovano accomunati da un&#8217;unica passione, quella per gli U2. Luca alla chitarra, Massimo al basso e Stefano alla voce gi\u00e0 funzionavano vent&#8217;anni fa&#8230; ora l&#8217;esperienza maturata rendono il mix veramente esplosivo!!!! Ci siamo ritrovati e vogliamo creare un progetto serio e ambizioso all&#8217;insegna degli U2&#8230; l&#8217;entusiasmo e l&#8217;amicizia profonda che ci lega ci ha portato ad &#8220;assoldare&#8221; David alla batteria, un amico, una persona sanguigna, corretta, grintosa e pieno di voglia di fare bene. Ora il gruppo \u00e8 al completo e quasi pronto ad esibirsi come si deve nei live, quasi perch\u00e8 vogliamo ottenere il massimo da ognuno di noi&#8230; s\u00ec perch\u00e8 il lavoro certosino di tutti sta dando risultati entusiasmanti. Lezioni di canto continue, ricerca dei suono, cura dei dettagli, sound accurato e curato sono il simbolo di una tribute band che guarda in alto. Presto daremo un saggio della nostra qualit\u00e0 e umilt\u00e0 che solo il lavoro e l&#8217;impegno sapranno ripagare. A voi l&#8217;ardua sentenza a noila gioia dell&#8217;attesa&#8230;<\/p>\n<p><strong>Componenti<\/strong><br \/>\nStefano <em>voce<\/em><br \/>\nLuca <em>chitarra<\/em><br \/>\nMassimo <em>basso<\/em><br \/>\nDavid <em>batteria<\/em><\/p>\n<p><strong>Contatti<\/strong><br \/>\nfacebook: <a href=\"http:\/\/www.facebook.com\/zootv.zoo\" target=\"_blank\">Zootv Zoo<\/a><\/p>\n<p><a href=\"http:\/\/lnx.u2place.net\/coverband\/le-date\">Le serate in programma<\/a><\/p>\n","protected":false},"excerpt":{"rendered":"<p>Biografia Gli ZooTV nascono dalla reunion di chitarra basso e voce che dopo 20 anni si ritrovano accomunati da un&#8217;unica passione, quella per gli U2. Luca alla chitarra, Massimo al basso e Stefano alla voce gi\u00e0 funzionavano vent&#8217;anni fa&#8230; ora l&#8217;esperienza maturata rendono il mix veramente esplosivo!!!! Ci siamo ritrovati e vogliamo creare un progetto [&hellip;]<\/p>\n","protected":false},"author":4,"featured_media":0,"parent":0,"menu_order":0,"comment_status":"closed","ping_status":"open","template":"","meta":[],"_links":{"self":[{"href":"https:\/\/lnx.u2place.net\/coverband\/wp-json\/wp\/v2\/pages\/1360"}],"collection":[{"href":"https:\/\/lnx.u2place.net\/coverband\/wp-json\/wp\/v2\/pages"}],"about":[{"href":"https:\/\/lnx.u2place.net\/coverband\/wp-json\/wp\/v2\/types\/page"}],"author":[{"embeddable":true,"href":"https:\/\/lnx.u2place.net\/coverband\/wp-json\/wp\/v2\/users\/4"}],"replies":[{"embeddable":true,"href":"https:\/\/lnx.u2place.net\/coverband\/wp-json\/wp\/v2\/comments?post=1360"}],"version-history":[{"count":5,"href":"https:\/\/lnx.u2place.net\/coverband\/wp-json\/wp\/v2\/pages\/1360\/revisions"}],"predecessor-version":[{"id":1369,"href":"https:\/\/lnx.u2place.net\/coverband\/wp-json\/wp\/v2\/pages\/1360\/revisions\/1369"}],"wp:attachment":[{"href":"https:\/\/lnx.u2place.net\/coverband\/wp-json\/wp\/v2\/media?parent=1360"}],"curies":[{"name":"wp","href":"https:\/\/api.w.org\/{rel}","templated":true}]}}

<p><a href="http://lnx.u2place.net/coverband/wp-content/uploads/2015/12/zootv-fano.jpg"><img decoding="async" loading="lazy" class="alignnone size-full wp-image-1362" title="zootv-fano" src="http://lnx.u2place.net/coverband/wp-content/uploads/2015/12/zootv-fano.jpg" alt="" width="200" height="200" srcset="https://lnx.u2place.net/coverband/wp-content/uploads/2015/12/zootv-fano.jpg 200w, https://lnx.u2place.net/coverband/wp-content/uploads/2015/12/zootv-fano-150x150.jpg 150w" sizes="(max-width: 200px) 100vw, 200px" /></a></p>
<p><strong>Biografia</strong><br />
Gli ZooTV nascono dalla reunion di chitarra basso e voce che dopo 20 anni si ritrovano accomunati da un&#8217;unica passione, quella per gli U2. Luca alla chitarra, Massimo al basso e Stefano alla voce già funzionavano vent&#8217;anni fa&#8230; ora l&#8217;esperienza maturata rendono il mix veramente esplosivo!!!! Ci siamo ritrovati e vogliamo creare un progetto serio e ambizioso all&#8217;insegna degli U2&#8230; l&#8217;entusiasmo e l&#8217;amicizia profonda che ci lega ci ha portato ad &#8220;assoldare&#8221; David alla batteria, un amico, una persona sanguigna, corretta, grintosa e pieno di voglia di fare bene. Ora il gruppo è al completo e quasi pronto ad esibirsi come si deve nei live, quasi perchè vogliamo ottenere il massimo da ognuno di noi&#8230; sì perchè il lavoro certosino di tutti sta dando risultati entusiasmanti. Lezioni di canto continue, ricerca dei suono, cura dei dettagli, sound accurato e curato sono il simbolo di una tribute band che guarda in alto. Presto daremo un saggio della nostra qualità e umiltà che solo il lavoro e l&#8217;impegno sapranno ripagare. A voi l&#8217;ardua sentenza a noila gioia dell&#8217;attesa&#8230;</p>
<p><strong>Componenti</strong><br />
Stefano <em>voce</em><br />
Luca <em>chitarra</em><br />
Massimo <em>basso</em><br />
David <em>batteria</em></p>
<p><strong>Contatti</strong><br />
facebook: <a href="http://www.facebook.com/zootv.zoo" target="_blank">Zootv Zoo</a></p>
<p><a href="http://lnx.u2place.net/coverband/le-date">Le serate in programma</a></p>

<p>Biografia Gli ZooTV nascono dalla reunion di chitarra basso e voce che dopo 20 anni si ritrovano accomunati da un&#8217;unica passione, quella per gli U2. Luca alla chitarra, Massimo al basso e Stefano alla voce già funzionavano vent&#8217;anni fa&#8230; ora l&#8217;esperienza maturata rendono il mix veramente esplosivo!!!! Ci siamo ritrovati e vogliamo creare un progetto [&hellip;]</p>
