{"id":37,"date":"2011-12-04T15:34:34","date_gmt":"2011-12-04T15:34:34","guid":{"rendered":"http:\/\/lnx.u2place.net\/coverband\/?page_id=37"},"modified":"2015-02-18T16:06:50","modified_gmt":"2015-02-18T16:06:50","slug":"zen-garden","status":"publish","type":"page","link":"https:\/\/lnx.u2place.net\/coverband\/zen-garden","title":{"rendered":"Zen Garden"},"content":{"rendered":"<p><a href=\"http:\/\/lnx.u2place.net\/coverband\/wp-content\/uploads\/2015\/02\/zen-garden.jpg\"><img decoding=\"async\" loading=\"lazy\" class=\"alignnone size-full wp-image-1161\" title=\"zen garden\" src=\"http:\/\/lnx.u2place.net\/coverband\/wp-content\/uploads\/2015\/02\/zen-garden.jpg\" alt=\"\" width=\"200\" height=\"200\" srcset=\"https:\/\/lnx.u2place.net\/coverband\/wp-content\/uploads\/2015\/02\/zen-garden.jpg 200w, https:\/\/lnx.u2place.net\/coverband\/wp-content\/uploads\/2015\/02\/zen-garden-150x150.jpg 150w\" sizes=\"(max-width: 200px) 100vw, 200px\" \/><\/a><\/p>\n<p><strong>Biografia<\/strong><br \/>\nZen Garden \u00e8 il tributo italiano dedicato agli U2 pi\u00f9 noto e richiesto a livello internazionale, esibendosi di fatto in Sud e Centro America (Brasile, Per\u00f9, Paraguay, Venezuela, Guatemala), Olanda, Belgio, Spagna, Francia, Germania, Russia, Malta, Romania, Bulgaria e Ungheria, oltre che in Italia. Il fondatore e vocalist Stefano &#8220;Zeno&#8221; Sala ha portato show U2 sui palchi di tutta la nazione e all&#8217;estero ininterrottamente dal 1999 ad oggi come interprete di Bono Vox con tre diverse formazioni in tre diversi periodi ed \u00e8 il cantante italiano con la maggiore esperienza di palco in questo ruolo.<br \/>\nDall\u2019inizio del 2009 ad oggi gli Zen Garden, hanno suonato ovunque in Italia sui pi\u00f9 grandi palchi invernali ed estivi. Domenica 15 novembre 2009 sono stati protagonisti davanti a 12.700 spettatori paganti sul palco del Palazzo Olimpico di Barcellona (Sant Jordi Palau) dove la televisione nazionale TVE ha registrato l\u2019esibizione. A giugno 2010 sono la prima e unica U2 tribute band italiana in assoluto ad essere cercata e ingaggiata per un tour in Sudamerica. Ancora a giugno 2010 suonano nel pi\u00f9 grande festival live olandese, il Reuring Fest, vicino ad Amsterdam battendo il record di affluenza di 10.000 persone delle precedenti edizioni. Nella stessa occasione gli Zen Garden vengono intervistati dal Fan Club ufficiale olandese degli U2. Il 9 ottobre dello stesso anno suonano presso l&#8217;Exp\u00f2 di Zaragoza durante i festeggiamenti del Pilar, con un affluenza di 25.000 persone di pubblico a fianco di Ska-P e altre produzioni internazionali. Nel 2011 oltre alla programmazione italiana, lavorano in Germania e Belgio. Dopo il successo dell&#8217;ennesimo tour spagnolo a settembre, sono a fine anno la prima tribute band U2 al mondo ad essere cercata ed ingaggiata in Russia, precisamente a Vladivostok. All&#8217;inizio del 2012 gli Zen Garden sono in tour in Romania. Nel maggio 2012 \u00e8 la volta dell&#8217;Ungheria, per uno spettacolare evento all&#8217;aperto organizzato dalla multinazionale T-Mobile. Di seguito sono impegnati nel secondo tour sudamericano, che tocca questa volta anche Paraguay (marzo 2012) e Brasile (luglio 2012). In Brasile gli Zen Garden hanno l&#8217;onore di esibirsi nel secondo auditorium per grandezza dell&#8217;intero Stato, il colossale Arena Via Funchal. Sempre nel luglio 2012 sono protagonisti di un altro tour spagnolo, seguito ad agosto da un nuovo tour olandese. Nel febbraio 2013 la band \u00e8 in scena per la prima volta in Per\u00f9, per due date d&#8217;inaugurazione del nuovo Hard Rock Caf\u00e9 di Lima. La collaborazione con la catena Hard Rock Caf\u00e9 sudamericana continua nell&#8217;aprile 2013 con tre date Hard Rock Caf\u00e9 nella capitale del Guatemala, Guatemala City. L&#8217;aprile del 2014 vede gli Zen Garden per la seconda volta protagonisti in Brasile, per due concerti presso il teatro Positivo di Curitiba e la grande area eventi del Club Atletico Juventus di San Paolo. Nel giugno successivo il tributo si esibisce con successo per la prima volta nell&#8217;isola di Malta. All&#8217;inizio dell&#8217;agosto 2014 \u00e8 la Francia a scegliere la band per uno spettacolare festival a Mers Le Bains. il 15 dello stesso mese lo show \u00e8 nuovamente di scena in Russia, questa volta a San Pietroburgo.<\/p>\n<p><strong>Contatti<\/strong><br \/>\nsito: <a href=\"http:\/\/zengarden.eu\/\" target=\"_blank\">zengarden.eu<\/a><br \/>\nfacebook: <a href=\"http:\/\/www.facebook.com\/ZenGardenShow\" target=\"_blank\">ZenGardenShow<\/a><br \/>\nyoutube: <a href=\"http:\/\/www.youtube.com\/user\/ftmpromotion\" target=\"_blank\">Zen Garden<\/a><br \/>\ntwitter: <a href=\"http:\/\/twitter.com\/u2zengarden\" target=\"_blank\">u2zengarden<\/a><br \/>\nemail: info@u2zengarden.com<\/p>\n<p><a href=\"http:\/\/lnx.u2place.net\/coverband\/le-date\">Le serate in programma<\/a><\/p>\n","protected":false},"excerpt":{"rendered":"<p>Biografia Zen Garden \u00e8 il tributo italiano dedicato agli U2 pi\u00f9 noto e richiesto a livello internazionale, esibendosi di fatto in Sud e Centro America (Brasile, Per\u00f9, Paraguay, Venezuela, Guatemala), Olanda, Belgio, Spagna, Francia, Germania, Russia, Malta, Romania, Bulgaria e Ungheria, oltre che in Italia. Il fondatore e vocalist Stefano &#8220;Zeno&#8221; Sala ha portato show [&hellip;]<\/p>\n","protected":false},"author":1,"featured_media":0,"parent":0,"menu_order":0,"comment_status":"open","ping_status":"open","template":"","meta":[],"_links":{"self":[{"href":"https:\/\/lnx.u2place.net\/coverband\/wp-json\/wp\/v2\/pages\/37"}],"collection":[{"href":"https:\/\/lnx.u2place.net\/coverband\/wp-json\/wp\/v2\/pages"}],"about":[{"href":"https:\/\/lnx.u2place.net\/coverband\/wp-json\/wp\/v2\/types\/page"}],"author":[{"embeddable":true,"href":"https:\/\/lnx.u2place.net\/coverband\/wp-json\/wp\/v2\/users\/1"}],"replies":[{"embeddable":true,"href":"https:\/\/lnx.u2place.net\/coverband\/wp-json\/wp\/v2\/comments?post=37"}],"version-history":[{"count":6,"href":"https:\/\/lnx.u2place.net\/coverband\/wp-json\/wp\/v2\/pages\/37\/revisions"}],"predecessor-version":[{"id":1157,"href":"https:\/\/lnx.u2place.net\/coverband\/wp-json\/wp\/v2\/pages\/37\/revisions\/1157"}],"wp:attachment":[{"href":"https:\/\/lnx.u2place.net\/coverband\/wp-json\/wp\/v2\/media?parent=37"}],"curies":[{"name":"wp","href":"https:\/\/api.w.org\/{rel}","templated":true}]}}

<p><a href="http://lnx.u2place.net/coverband/wp-content/uploads/2015/02/zen-garden.jpg"><img decoding="async" loading="lazy" class="alignnone size-full wp-image-1161" title="zen garden" src="http://lnx.u2place.net/coverband/wp-content/uploads/2015/02/zen-garden.jpg" alt="" width="200" height="200" srcset="https://lnx.u2place.net/coverband/wp-content/uploads/2015/02/zen-garden.jpg 200w, https://lnx.u2place.net/coverband/wp-content/uploads/2015/02/zen-garden-150x150.jpg 150w" sizes="(max-width: 200px) 100vw, 200px" /></a></p>
<p><strong>Biografia</strong><br />
Zen Garden è il tributo italiano dedicato agli U2 più noto e richiesto a livello internazionale, esibendosi di fatto in Sud e Centro America (Brasile, Perù, Paraguay, Venezuela, Guatemala), Olanda, Belgio, Spagna, Francia, Germania, Russia, Malta, Romania, Bulgaria e Ungheria, oltre che in Italia. Il fondatore e vocalist Stefano &#8220;Zeno&#8221; Sala ha portato show U2 sui palchi di tutta la nazione e all&#8217;estero ininterrottamente dal 1999 ad oggi come interprete di Bono Vox con tre diverse formazioni in tre diversi periodi ed è il cantante italiano con la maggiore esperienza di palco in questo ruolo.<br />
Dall’inizio del 2009 ad oggi gli Zen Garden, hanno suonato ovunque in Italia sui più grandi palchi invernali ed estivi. Domenica 15 novembre 2009 sono stati protagonisti davanti a 12.700 spettatori paganti sul palco del Palazzo Olimpico di Barcellona (Sant Jordi Palau) dove la televisione nazionale TVE ha registrato l’esibizione. A giugno 2010 sono la prima e unica U2 tribute band italiana in assoluto ad essere cercata e ingaggiata per un tour in Sudamerica. Ancora a giugno 2010 suonano nel più grande festival live olandese, il Reuring Fest, vicino ad Amsterdam battendo il record di affluenza di 10.000 persone delle precedenti edizioni. Nella stessa occasione gli Zen Garden vengono intervistati dal Fan Club ufficiale olandese degli U2. Il 9 ottobre dello stesso anno suonano presso l&#8217;Expò di Zaragoza durante i festeggiamenti del Pilar, con un affluenza di 25.000 persone di pubblico a fianco di Ska-P e altre produzioni internazionali. Nel 2011 oltre alla programmazione italiana, lavorano in Germania e Belgio. Dopo il successo dell&#8217;ennesimo tour spagnolo a settembre, sono a fine anno la prima tribute band U2 al mondo ad essere cercata ed ingaggiata in Russia, precisamente a Vladivostok. All&#8217;inizio del 2012 gli Zen Garden sono in tour in Romania. Nel maggio 2012 è la volta dell&#8217;Ungheria, per uno spettacolare evento all&#8217;aperto organizzato dalla multinazionale T-Mobile. Di seguito sono impegnati nel secondo tour sudamericano, che tocca questa volta anche Paraguay (marzo 2012) e Brasile (luglio 2012). In Brasile gli Zen Garden hanno l&#8217;onore di esibirsi nel secondo auditorium per grandezza dell&#8217;intero Stato, il colossale Arena Via Funchal. Sempre nel luglio 2012 sono protagonisti di un altro tour spagnolo, seguito ad agosto da un nuovo tour olandese. Nel febbraio 2013 la band è in scena per la prima volta in Perù, per due date d&#8217;inaugurazione del nuovo Hard Rock Café di Lima. La collaborazione con la catena Hard Rock Café sudamericana continua nell&#8217;aprile 2013 con tre date Hard Rock Café nella capitale del Guatemala, Guatemala City. L&#8217;aprile del 2014 vede gli Zen Garden per la seconda volta protagonisti in Brasile, per due concerti presso il teatro Positivo di Curitiba e la grande area eventi del Club Atletico Juventus di San Paolo. Nel giugno successivo il tributo si esibisce con successo per la prima volta nell&#8217;isola di Malta. All&#8217;inizio dell&#8217;agosto 2014 è la Francia a scegliere la band per uno spettacolare festival a Mers Le Bains. il 15 dello stesso mese lo show è nuovamente di scena in Russia, questa volta a San Pietroburgo.</p>
<p><strong>Contatti</strong><br />
sito: <a href="http://zengarden.eu/" target="_blank">zengarden.eu</a><br />
facebook: <a href="http://www.facebook.com/ZenGardenShow" target="_blank">ZenGardenShow</a><br />
youtube: <a href="http://www.youtube.com/user/ftmpromotion" target="_blank">Zen Garden</a><br />
twitter: <a href="http://twitter.com/u2zengarden" target="_blank">u2zengarden</a><br />
email: info@u2zengarden.com</p>
<p><a href="http://lnx.u2place.net/coverband/le-date">Le serate in programma</a></p>

<p>Biografia Zen Garden è il tributo italiano dedicato agli U2 più noto e richiesto a livello internazionale, esibendosi di fatto in Sud e Centro America (Brasile, Perù, Paraguay, Venezuela, Guatemala), Olanda, Belgio, Spagna, Francia, Germania, Russia, Malta, Romania, Bulgaria e Ungheria, oltre che in Italia. Il fondatore e vocalist Stefano &#8220;Zeno&#8221; Sala ha portato show [&hellip;]</p>
