{"id":621,"date":"2013-06-25T13:43:00","date_gmt":"2013-06-25T13:43:00","guid":{"rendered":"http:\/\/lnx.u2place.net\/coverband\/?page_id=621"},"modified":"2015-02-18T09:42:36","modified_gmt":"2015-02-18T09:42:36","slug":"eco","status":"publish","type":"page","link":"https:\/\/lnx.u2place.net\/coverband\/eco","title":{"rendered":"ECO"},"content":{"rendered":"<p><a href=\"http:\/\/lnx.u2place.net\/coverband\/wp-content\/uploads\/2015\/02\/eco.jpg\"><img decoding=\"async\" loading=\"lazy\" class=\"alignnone size-full wp-image-944\" title=\"eco\" src=\"http:\/\/lnx.u2place.net\/coverband\/wp-content\/uploads\/2015\/02\/eco.jpg\" alt=\"\" width=\"200\" height=\"200\" srcset=\"https:\/\/lnx.u2place.net\/coverband\/wp-content\/uploads\/2015\/02\/eco.jpg 200w, https:\/\/lnx.u2place.net\/coverband\/wp-content\/uploads\/2015\/02\/eco-150x150.jpg 150w\" sizes=\"(max-width: 200px) 100vw, 200px\" \/><\/a><\/p>\n<p><strong>Biografia<\/strong><br \/>\nManfredonia (Foggia), \u00e8\u00a0l\u2019inverno del 1986.\u00a0Vacanze di Natale del secondo anno di Ragioneria.\u00a0Ci si riunisce, si gioca a carte, si tira l\u2019alba, e\u00a0si ascolta musica&#8230;<br \/>\nSul giradischi un provvidenziale amico posa un vinile: <em>War U2<\/em>.<br \/>\nRisuonano le note di <em>Sunday<\/em>, <em>Seconds<\/em>, <em>New Year\u2019s Day<\/em>, \u00e8 fuoco allo stato puro.<br \/>\nInizio a scavare nella discografia di quel gruppo irlandese, qualche mese dopo sul Mondo cala <em>The Joshua Tree<\/em>, arrivato chiss\u00e0 da quale galassia magnifica e lontana.<br \/>\nL\u2019intro di <em>Streets<\/em>\u00a0\u00e8 la luce, \u201cdevo imbracciare una chitarra\u201d mi dico.. E cos\u00ec \u00e8.<br \/>\nE imparare ad accarezzarla e suonare gli U2 si fondono in un bacio eterno.<br \/>\nEdge mi indica la via, quello stile \u00e8 parte stessa di me e del mio modo di vivere e amare la sei corde.<br \/>\nNascono gli E.Co (contrazione di the Electric Co.). Vi \u00e8 inoltre un chiaro richiamo all\u2019inconfondibile delay di Edge. \u00c8\u00a0il 1989, le prime esibizioni in pubblico, repertorio esclusivamente U2.\u00a0In pochi anni si alternano pi\u00f9 amici. Poi, nel 1992, la formazione trova il suo giusto equilibrio.<br \/>\nPierpaolo Lauriola alla voce, Dave Troiano alla chitarra, Franco Guerra (unico vero Adam) al basso e Tommaso Netti alla batteria. Ci esibiamo come matti per due anni di fila, riempiendo ogni volta le piazze e i locali della nostra citt\u00e0. Si pu\u00f2 dire che gli U2 non abbiano mai goduto di tanta popolarit\u00e0 da noi come in quel periodo, poi la magia finisce.<br \/>\nIncomprensioni, impegni di lavoro, ci si perde di vista.<br \/>\nGli anni passano, ma l\u2019amore per la musica e per gli U2 no, e\u00a0cos\u00ec, nel 2011, rinascono gli ECO, con quell\u2019animale da palcoscenico di Maurizio Telera alla voce e il nostro nuovo impeccabile Larry, Francesco Scaringelli.<br \/>\nAlla passione di quegli anni si uniscono ora pi\u00f9 maturit\u00e0 musicale e possibilit\u00e0 tecnologiche a quell\u2019epoca impensabili.\u00a0Non inseguiamo lo sterile feticismo di una clonazione esasperata nel look e nelle scenografie.\u00a0Bono, Edge, Adam e Larry sono loro stessi, unici nelle loro fattezze e nel loro modo di essere.<br \/>\nA chi ci ascolta diciamo solo:\u00a0\u201cChiudete gli occhi, il fuoco indimenticabile degli U2, da Boy ad oggi, briller\u00e0 davanti a voi e nei vostri cuori\u201d.<\/p>\n<p><strong>Componenti<\/strong><br \/>\nMaurizio Telera <em>voce<\/em><br \/>\nDave Troiano <em>chitarra<\/em><br \/>\nFranco Guerra <em>basso<\/em><br \/>\nFrancesco Scaringelli <em>batteria<\/em><\/p>\n<p><strong>Contatti<\/strong><br \/>\nfaceboook: <a href=\"http:\/\/www.facebook.com\/eco.manfredonia\" target=\"_blank\">eco.manfredonia<\/a><br \/>\nmyspace: <a href=\"http:\/\/myspace.com\/eco68\" target=\"_blank\">eco68<\/a><br \/>\nemail:\u00a0eco.manfredonia@gmail.com<\/p>\n<p><a href=\"http:\/\/lnx.u2place.net\/coverband\/le-date\">Le serate in programma<\/a><\/p>\n","protected":false},"excerpt":{"rendered":"<p>Biografia Manfredonia (Foggia), \u00e8\u00a0l\u2019inverno del 1986.\u00a0Vacanze di Natale del secondo anno di Ragioneria.\u00a0Ci si riunisce, si gioca a carte, si tira l\u2019alba, e\u00a0si ascolta musica&#8230; Sul giradischi un provvidenziale amico posa un vinile: War U2. Risuonano le note di Sunday, Seconds, New Year\u2019s Day, \u00e8 fuoco allo stato puro. Inizio a scavare nella discografia di [&hellip;]<\/p>\n","protected":false},"author":4,"featured_media":0,"parent":0,"menu_order":0,"comment_status":"closed","ping_status":"open","template":"","meta":[],"_links":{"self":[{"href":"https:\/\/lnx.u2place.net\/coverband\/wp-json\/wp\/v2\/pages\/621"}],"collection":[{"href":"https:\/\/lnx.u2place.net\/coverband\/wp-json\/wp\/v2\/pages"}],"about":[{"href":"https:\/\/lnx.u2place.net\/coverband\/wp-json\/wp\/v2\/types\/page"}],"author":[{"embeddable":true,"href":"https:\/\/lnx.u2place.net\/coverband\/wp-json\/wp\/v2\/users\/4"}],"replies":[{"embeddable":true,"href":"https:\/\/lnx.u2place.net\/coverband\/wp-json\/wp\/v2\/comments?post=621"}],"version-history":[{"count":10,"href":"https:\/\/lnx.u2place.net\/coverband\/wp-json\/wp\/v2\/pages\/621\/revisions"}],"predecessor-version":[{"id":1085,"href":"https:\/\/lnx.u2place.net\/coverband\/wp-json\/wp\/v2\/pages\/621\/revisions\/1085"}],"wp:attachment":[{"href":"https:\/\/lnx.u2place.net\/coverband\/wp-json\/wp\/v2\/media?parent=621"}],"curies":[{"name":"wp","href":"https:\/\/api.w.org\/{rel}","templated":true}]}}

<p><a href="http://lnx.u2place.net/coverband/wp-content/uploads/2015/02/eco.jpg"><img decoding="async" loading="lazy" class="alignnone size-full wp-image-944" title="eco" src="http://lnx.u2place.net/coverband/wp-content/uploads/2015/02/eco.jpg" alt="" width="200" height="200" srcset="https://lnx.u2place.net/coverband/wp-content/uploads/2015/02/eco.jpg 200w, https://lnx.u2place.net/coverband/wp-content/uploads/2015/02/eco-150x150.jpg 150w" sizes="(max-width: 200px) 100vw, 200px" /></a></p>
<p><strong>Biografia</strong><br />
Manfredonia (Foggia), è l’inverno del 1986. Vacanze di Natale del secondo anno di Ragioneria. Ci si riunisce, si gioca a carte, si tira l’alba, e si ascolta musica&#8230;<br />
Sul giradischi un provvidenziale amico posa un vinile: <em>War U2</em>.<br />
Risuonano le note di <em>Sunday</em>, <em>Seconds</em>, <em>New Year’s Day</em>, è fuoco allo stato puro.<br />
Inizio a scavare nella discografia di quel gruppo irlandese, qualche mese dopo sul Mondo cala <em>The Joshua Tree</em>, arrivato chissà da quale galassia magnifica e lontana.<br />
L’intro di <em>Streets</em> è la luce, “devo imbracciare una chitarra” mi dico.. E così è.<br />
E imparare ad accarezzarla e suonare gli U2 si fondono in un bacio eterno.<br />
Edge mi indica la via, quello stile è parte stessa di me e del mio modo di vivere e amare la sei corde.<br />
Nascono gli E.Co (contrazione di the Electric Co.). Vi è inoltre un chiaro richiamo all’inconfondibile delay di Edge. È il 1989, le prime esibizioni in pubblico, repertorio esclusivamente U2. In pochi anni si alternano più amici. Poi, nel 1992, la formazione trova il suo giusto equilibrio.<br />
Pierpaolo Lauriola alla voce, Dave Troiano alla chitarra, Franco Guerra (unico vero Adam) al basso e Tommaso Netti alla batteria. Ci esibiamo come matti per due anni di fila, riempiendo ogni volta le piazze e i locali della nostra città. Si può dire che gli U2 non abbiano mai goduto di tanta popolarità da noi come in quel periodo, poi la magia finisce.<br />
Incomprensioni, impegni di lavoro, ci si perde di vista.<br />
Gli anni passano, ma l’amore per la musica e per gli U2 no, e così, nel 2011, rinascono gli ECO, con quell’animale da palcoscenico di Maurizio Telera alla voce e il nostro nuovo impeccabile Larry, Francesco Scaringelli.<br />
Alla passione di quegli anni si uniscono ora più maturità musicale e possibilità tecnologiche a quell’epoca impensabili. Non inseguiamo lo sterile feticismo di una clonazione esasperata nel look e nelle scenografie. Bono, Edge, Adam e Larry sono loro stessi, unici nelle loro fattezze e nel loro modo di essere.<br />
A chi ci ascolta diciamo solo: “Chiudete gli occhi, il fuoco indimenticabile degli U2, da Boy ad oggi, brillerà davanti a voi e nei vostri cuori”.</p>
<p><strong>Componenti</strong><br />
Maurizio Telera <em>voce</em><br />
Dave Troiano <em>chitarra</em><br />
Franco Guerra <em>basso</em><br />
Francesco Scaringelli <em>batteria</em></p>
<p><strong>Contatti</strong><br />
faceboook: <a href="http://www.facebook.com/eco.manfredonia" target="_blank">eco.manfredonia</a><br />
myspace: <a href="http://myspace.com/eco68" target="_blank">eco68</a><br />
email: eco.manfredonia@gmail.com</p>
<p><a href="http://lnx.u2place.net/coverband/le-date">Le serate in programma</a></p>

<p>Biografia Manfredonia (Foggia), è l’inverno del 1986. Vacanze di Natale del secondo anno di Ragioneria. Ci si riunisce, si gioca a carte, si tira l’alba, e si ascolta musica&#8230; Sul giradischi un provvidenziale amico posa un vinile: War U2. Risuonano le note di Sunday, Seconds, New Year’s Day, è fuoco allo stato puro. Inizio a scavare nella discografia di [&hellip;]</p>
